 is the remainder when 114 is divided by q?
22
Let u be (-2)/(-8) - 469/(-28). Suppose -u = -2*p + 41. Calculate the remainder when 84 is divided by p.
26
Let l(j) = -6*j**3 - j**2 + 3*j - 2. Let z = 36 + -38. Calculate the remainder when l(z) is divided by 19.
17
Suppose -3*k - 4*w = -39 + 15, k - 2*w - 18 = 0. Suppose -4*r + 4 = -k. Let v(x) = -x**3 - x**2 + 5*x + 4. What is the remainder when v(-3) is divided by r?
3
Let o be 5 - (2 - -1) - -2. Let r = o + 0. Suppose -54 = d - r*d. What is the remainder when 69 is divided by d?
15
Suppose -24*c - 2*j + 3918 = -20*c, -3*j + 9 = 0. What is the remainder when c is divided by 98?
96
Suppose -3*w = -c - c + 15, 2*c - 5*w = 21. Suppose -c*h + 25 = t, -4*t + 15 = -t - 3*h. Calculate the remainder when 39 is divided by t.
9
Let z = 148 + -105. Let b = 2 + 13. What is the remainder when z is divided by b?
13
Let h(m) = -52*m - 196. What is the remainder when h(-6) is divided by 24?
20
Let t(d) = -d**3 + 4*d**2 + 78*d + 9. Calculate the remainder when t(11) is divided by 9.
2
Suppose -1381 = 14*l - 4251. Let i = 64 + -12. Calculate the remainder when l is divided by i.
49
Suppose 0 = -4*g + 17 + 11. Suppose 0 = -k - 1, -y + 2*k + 22 = 0. What is the remainder when y is divided by g?
6
Let b(l) = -l - 4. Let h be b(-7). Suppose h*m = 3*f + 30, -14 = -m - 4*f + 11. Calculate the remainder when 23 is divided by m.
10
Let n be (-10)/(-6)*66/55. Suppose -3*m - 4*q - q = -108, -3*q = n*m - 73. What is the remainder when 121 is divided by m?
39
Let v(s) = s**2 - 9*s + 6. Let g be v(19). Let l = 287 - g. Suppose -4*i - t + 93 = 0, 5*i + t = 6*t + 110. Calculate the remainder when l is divided by i.
22
Suppose 4*x + 2*w = w + 41, 5*x - 53 = -3*w. Calculate the remainder when 14 is divided by x.
4
Let c = -67 + 111. Suppose -3*q + 4*w + 39 = -2*q, -q - 4*w = -7. What is the remainder when c is divided by q?
21
Let u = -10 - 31. Let h = -24 - u. Calculate the remainder when 30 is divided by h.
13
Suppose -1044 = 1987*w - 1999*w. Suppose -4*j + 65 = -23. What is the remainder when w is divided by j?
21
Let i(p) = -p**3 + 35*p**2 + 3*p - 64. What is the remainder when i(35) is divided by 6?
5
Let y = 818 + -795. What is the remainder when 228 is divided by y?
21
Let z be 6/(-4)*-2 + -4. Let c be ((-124)/4 - -1)*z. Calculate the remainder when 94 is divided by 12/15*(c - 0).
22
Suppose -4*m - 4*h = -196, 2*m - 3*h + 7*h - 106 = 0. Suppose 5*p - 5*n = 50, 25 = 3*p + 5*n - m. Calculate the remainder when 73 is divided by p.
13
Suppose -4*a + 6 = -a. Suppose 0 = o + a*y - 18, 5*o + 0*o + 3*y = 62. What is the remainder when 29 is divided by o?
9
Let t = -316 + 324. Let s = -2 - -4. What is the remainder when 1/(-2) + 45/s is divided by t?
6
Suppose m + 4*m = 4*n - 1867, -6 = 2*m. What is the remainder when n is divided by 39?
34
Let j(f) = -4*f + 7. Suppose 5*s = 13 + 17. Let t(q) = 3*q**2 - 9*q. What is the remainder when t(s) is divided by j(-3)?
16
Let t = -7129 - -7134. Let u = 8 - 0. Suppose -2 - u = -5*z. What is the remainder when t is divided by z?
1
Suppose -4*i + 796 = -1120. Calculate the remainder when i is divided by 40.
39
Suppose 0 = -4*m - 0*m + 440. Let i(u) = 32*u - 952. Calculate the remainder when m is divided by i(30).
6
Suppose 5*i = -5*p + 5, 3*i + 4*p + 2 = 3. Suppose -5*l - v = 3*v - 3, -i*v - 21 = -4*l. Suppose -l*w + 5 = -34. What is the remainder when 48 is divided by w?
9
Suppose 0 = -6*k + k + 445. Suppose 2*c + 110 = -2*h, 2*h + 222 = -2*c - 2*c. Let v = c + k. Calculate the remainder when v is divided by 9.
6
Calculate the remainder when 43 is divided by 1/((-4)/(-40)) - -4.
1
Let z(x) = 2*x + 2. Suppose 0*l = l + 7. Calculate the remainder when z(3) is divided by 10*((-35)/10)/l.
3
Let s = -281 + 305. What is the remainder when 118 is divided by s?
22
What is the remainder when 22 is divided by -8*(-1314)/576 - (-2)/(-8)?
4
Suppose 6*g = 10*g - 20. Let o = 20 - g. What is the remainder when 28 is divided by o?
13
Suppose -u - 7*t = -8*t - 3, -6 = -u + 2*t. Suppose 188 = 4*b + 2*w + 2*w, u = -b + 5*w + 65. Calculate the remainder when b is divided by 3.
2
Suppose 2*g + 1100 = 3*v, v - 4*g + 760 = 3*v. Calculate the remainder when 9 is divided by v/70 - (-4)/(-14).
4
Suppose 4*x + 3*n - 1014 = n, 2*x - 2*n - 492 = 0. Suppose -3*a - 42 + 150 = 0. What is the remainder when x is divided by a?
35
Let j(b) = b**3 - 26*b**2 + 35*b - 23. Calculate the remainder when j(25) is divided by 46.
43
Suppose -d - 1 = -m, 0*m - 4*m + d = -19. Let h = m - -15. What is the remainder when h is divided by ((-8)/(-2))/(3/9)?
9
Let g(m) = 5*m**3 + 9*m**2 - 4*m. Let v(d) = -d**3 - d**2 + d. Let l(o) = g(o) + 6*v(o). Let u = 84 + -21. Calculate the remainder when u is divided by l(-2).
15
Suppose 0 = 38*i - 6*i - 2208. Calculate the remainder when i is divided by 26.
17
Suppose 393 = 7*d - 55. Let k = -20 + d. What is the remainder when k is divided by 15?
14
Suppose -3*q + 4*i = -55, 5*i + 2 = -4*q + 34. Let c = q - 6. What is the remainder when c is divided by 3?
1
Let i(x) = 22*x - 695. What is the remainder when 211 is divided by i(33)?
25
Suppose 5*v = -l - 4*l, -21 = -4*l + 3*v. Suppose -l - 11 = -2*b. Let c(y) = -y**2 + 9*y + 4. Calculate the remainder when c(b) is divided by 7.
4
Suppose -7*q + 1762 = 600. What is the remainder when q is divided by 54?
4
Suppose 5*x - 6 = 4*x. Suppose -2829 + 424 = 13*f. Let b = 198 + f. Calculate the remainder when b is divided by x.
1
Suppose 0*o = 2*j + o - 56, 48 = 2*j - o. Calculate the remainder when -2 - (3 - (-424)/(-4)) is divided by j.
23
Suppose -17*n + 12*n + 130 = 0. What is the remainder when 91 is divided by n?
13
Suppose i = -i + 6. Let w = -901 + 905. What is the remainder when w is divided by i?
1
Let w(o) = o**3 - 8*o**2 + 8*o + 3. Let j be w(6). Calculate the remainder when ((-18)/j)/((-6)/(-462)) is divided by 17.
15
What is the remainder when (-9684)/(-78) - (-2)/(-13) is divided by 21?
19
Let y(d) = -d + 27. What is the remainder when 2018 is divided by y(17)?
8
Suppose 2*h = 5*h - 9, -2*h = -5*b + 14. Suppose -2*t + 6*f + 86 = f, -b = 2*f. What is the remainder when 150 is divided by t?
36
Suppose -6 = w + 5*w. Suppose 0 = -5*y + y + 20. Calculate the remainder when 9/(w/(12/(-9))) is divided by y.
2
Suppose 17 = -3*s + 128. Suppose 3*t = l - 22, 3*l - 36 = -5*t + 2. Let o = l + -6. What is the remainder when s is divided by o?
7
Let g(k) = -k**2 - 12*k - 8. Let m be g(-11). Suppose -h + 2*n = -73 + 8, -2*h - m*n + 102 = 0. Calculate the remainder when h is divided by 10.
7
Calculate the remainder when 9721/13 + (-321)/(-1391) is divided by 30.
28
Suppose -4*i + 384 + 8 = 0. What is the remainder when i is divided by (2397/(-235))/(9/(-15))?
13
Let k(y) = y - 1. Let w be k(5). Let g be (-236)/8*-6 + w. Let l = g + -102. Calculate the remainder when l is divided by 27.
25
Suppose -2*s + 2*g = -10, 4*g = -2*s + 29 - 1. Suppose -3*j - 401 = -4*n, -2*n + 188 = 2*j - 16. What is the remainder when n is divided by s?
5
Suppose -23 + 7 = -a. What is the remainder when ((-49)/(-2) + 9)*2 is divided by a - (3 - (3 - 2))?
11
Let u(v) = 9*v**2 - 7*v + 2. Let y be u(-6). Suppose -4*f + 0*f + 4*r = -y, -r = 2. Calculate the remainder when f is divided by ((-2)/4)/((-2)/92).
21
Suppose -5*v = -0*v - 640. Suppose -v = -3*o + 31. Suppose 0 = 2*m - o + 19. What is the remainder when m is divided by 6?
5
Let j(d) = 4*d**3 - 5*d**2 - 13*d + 28. Calculate the remainder when j(7) is divided by 71.
70
Suppose 5*d - 170 = -0*d. Let t = 407 + -388. What is the remainder when d is divided by t?
15
Let c(i) = -i**3 - 2*i**2 - 2*i - 1. Let r be c(-3). Let m = r - 1. Suppose 1 + m = 2*g. Calculate the remainder when g is divided by 3.
1
Suppose 0 = 18*p + 28*p - 7498. Calculate the remainder when p is divided by 59.
45
Let p = 26 - 8. Let f(q) = -104*q**2 - 2*q + 1. Let a be f(1). Let j = -36 - a. Calculate the remainder when j is divided by p.
15
Suppose y = 4*q + 12, 4*y - 4*q - 30 = 66. Let r(a) = -a**3 + 10*a**2 - 2*a - 3. Suppose 6*l - 73 + 25 = 0. Calculate the remainder when r(l) is divided by y.
25
Suppose -w = 78*w - 6083. Calculate the remainder when w is divided by 10.
7
Suppose 46 = 4*m - 5*f, 0*f - 10 = 5*f. Suppose -3*o + 6*o - 159 = 0. What is the rema